 = -2*p + m + 2161. List the prime factors of p.
13, 83
Suppose 5 = -3*v + 17. Suppose -v*s + 12 = -6*s. What are the prime factors of (-1539)/(-18)*(-4)/s?
3, 19
Let s(l) = 26*l - 6. Let y be s(3). Suppose -4 + 0 = b, h - y = 5*b. What are the prime factors of h?
2, 13
Let g(r) = -r + 1. Let u be g(1). Let w = u - 0. Suppose h - 1 - 6 = w. What are the prime factors of h?
7
Let a(c) = -c + 19. List the prime factors of a(-6).
5
Let y(h) = -h**2 - 12*h + 2. Let v(t) = 2*t**3 + t**2 - t. Let m be v(-2). List the prime factors of y(m).
2, 11
Suppose 0 = -2*s + 2*j + 5522, -53*s + 4*j - 11052 = -57*s. List the prime factors of s.
2, 1381
Suppose 168 = -3*y + 7*y. What are the prime factors of y?
2, 3, 7
Suppose -5*z + 12*z = 0. Suppose s + 382 = -3*b + 5*b, z = -b - 3*s + 184. List the prime factors of b.
2, 5, 19
Let k(y) = 147*y + 52. What are the prime factors of k(4)?
2, 5
Let k = 50 + -46. What are the prime factors of 144 - k/4*0/5?
2, 3
Let c = 77 - 74. List the prime factors of 0 - -4 - c - (7 + -56).
2, 5
Suppose -5106 = 8*f + 1134. What are the prime factors of f/(-8) + -1*(-3)/(-6)?
97
Suppose -2*l + 26 + 13 = d, 0 = 5*d + l - 150. Let z = d - -55. List the prime factors of z.
2, 3, 7
Suppose 3*r - 10123 + 1668 = 4*s, 0 = 2*r - s - 5645. What are the prime factors of r?
5, 113
Let r = 8941 - 5445. List the prime factors of r.
2, 19, 23
Let i be 5/(-2)*8/4. Let z be 26/6 - i/(-15). Suppose -f = -z*h + 12, -2*f - 4*h + 15 = -9. What are the prime factors of f?
2
Let h = 351 + -211. Let z = -68 + h. List the prime factors of z.
2, 3
Suppose -88 - 28 = 4*k. Let o = -17 - k. What are the prime factors of 8*(0 + o/4)?
2, 3
Let a be ((-12)/(-10))/(3/30). Let z be (68/5)/(a/90). Suppose -2*p - 5*k + 81 = -2, 3*p + 3*k = z. What are the prime factors of p?
29
Suppose -8*l = 4*a - 9*l - 7, 2*a - 26 = -4*l. Suppose 0 = -3*g + 3*r + 432, -3*g + 448 = -2*r + a*r. What are the prime factors of g?
2, 37
Suppose -14*d + 3493 = -7*d. List the prime factors of d.
499
Let h(d) = -11*d**3 - 11*d**2 - 12. What are the prime factors of h(-5)?
2, 17
Let q(v) = -v - 44. Let r be q(-18). Let f = r - -45. What are the prime factors of f?
19
Let f(n) = n**2 - 2*n - 2. Let j(o) = o**2 + 1. Let x(w) = f(w) + 4*j(w). What are the prime factors of x(3)?
41
Suppose -2*q = -0*q - 2*o - 76, -o = -5. Suppose -2*k + 67 = -3*c, -3*c - q + 5 = -k. What are the prime factors of k?
29
Let n be (1*(-1)/(-2))/((-22)/(-132)). Suppose 5*h = -4*k + 1162, -5*k + 0*h + n*h = -1471. What are the prime factors of k?
293
Let r(s) = -s**3 + 28*s**2 - 38*s + 37. List the prime factors of r(26).
401
Suppose -3*o - 57 = 5*u - 12, -u + 4*o = -14. What are the prime factors of ((-6)/9)/(2/u)?
2
Let r be (-435)/20 - 4/16. Let t = -18 - r. Suppose c - 255 = -t*c. What are the prime factors of c?
3, 17
Let j be -8 - 4 - 1*-1. Let s = j + 65. Let k = 126 - s. What are the prime factors of k?
2, 3
Let x = -14 - -11. List the prime factors of (9/5)/(x/(-135)).
3
Let k be 3/(-4)*(-64)/24. Let g(v) = -6*v**3 + v - 6 + 5*v**3 - 2*v**k + 2. List the prime factors of g(-5).
2, 3, 11
Let x(h) = -198*h + 54. What are the prime factors of x(-3)?
2, 3
Let r be (-4)/(-7)*(-49)/(-14). Suppose r*j + 3*j - 4*u = 35, u + 35 = 5*j. List the prime factors of j.
7
Let x = 21 + 90. Let a = x + -55. What are the prime factors of a?
2, 7
Let x(n) = -n**2 - 5*n + 5. Suppose 4*h = 11 - 31. Let o be x(h). Suppose 2*r - 4 - o = v, v = -1. What are the prime factors of r?
2
Let g be (-6 - -7)/(3/612). Let r = 5 + g. List the prime factors of r.
11, 19
Let f = 19 + -27. Let b(v) = -10*v. Let t be b(f). Let g = t - 41. List the prime factors of g.
3, 13
Suppose 94 = n + 26. Suppose 0 = -4*j + 5*j - 15. Suppose j*h - 13*h - n = 0. List the prime factors of h.
2, 17
Let i = 5 + -2. Let h(c) = 9*c - 3. Let g be h(i). Let j = 40 - g. List the prime factors of j.
2
Let a be (-2 + 4)/(2/4). Suppose 4*i = a*b - 796, -3*i + 801 = 4*b - 6*i. Suppose -3*u + b = 3*u. List the prime factors of u.
2, 17
Let o be (6 + (4 - 4))/(3/(-2)). List the prime factors of -1 - (-1734)/42 - o/(-14).
2, 5
Suppose 3*q = -0*q + 4*c + 68, 4*q = 2*c + 74. Suppose 3*u - 58 = 8. Let i = u - q. List the prime factors of i.
2, 3
Let k(t) = t**2 - t + 1. Let v(i) = 5*i**2 - 3*i + 10. Let b(o) = -6*k(o) + v(o). Let m be b(4). Suppose -16 = -m*j - 2*j. What are the prime factors of j?
2
Let q = -41 - -41. Let x = -8 + 18. Suppose 11*d - x*d - 42 = q. List the prime factors of d.
2, 3, 7
Let d(j) = 25*j + 2. Let k be (-32)/(-18) - (-4)/18. What are the prime factors of d(k)?
2, 13
Let x(r) = -3*r + 9. Let l be x(-5). Let i = -9 - -13. Suppose 0 = i*w + 3*k - 62 - 4, 0 = w - 3*k - l. What are the prime factors of w?
2, 3
Let v(r) = r**3 + 5*r**2 + 2*r - 4. Let g be v(-5). Let n = -14 - g. What are the prime factors of 12 + -2 + n/(-1)?
2, 5
Suppose -20582 = -16*s + 10554. What are the prime factors of s?
2, 7, 139
Let l(x) = -x + 23. Suppose -8*d + 4*d = -2*y + 42, -10 = -2*y. What are the prime factors of l(d)?
31
Suppose -5*n + n - 4 = 0, -2*q + 4*n + 12 = 0. Suppose -q*g + 26 = 5*h, -g - 1 + 3 = -h. Suppose 17 + 5 = h*u. What are the prime factors of u?
11
Let p(l) = -3*l**2 + 5*l - 9. Let y be p(5). Let z = -3 - y. List the prime factors of z.
2, 7
Suppose 5*n - 10 = -0*n. Let m(v) = v**3 + 8*v**2 - 18*v + 11. Let h be m(-10). List the prime factors of 2 + -1 - (h + n).
2
Let s(z) = -z**2 - 37*z - 48. What are the prime factors of s(-29)?
2, 23
Suppose -2*v = 2*k - 186, -v - 101 = -2*k + 70. What are the prime factors of k + -2 + (-5)/(10/(-8))?
2, 3, 5
Suppose m = -2*m + 21. Let k = 7 + m. List the prime factors of k.
2, 7
Let s(y) = 698*y**3 + 7*y**2 - 7*y - 1. What are the prime factors of s(1)?
17, 41
Suppose -5*o + o = 4*m - 1096, -m + 5*o + 292 = 0. List the prime factors of m.
277
Let u be ((-9)/2)/(5/(-20)). Suppose -2*q = -w + u, 2*q - 112 = w - 5*w. Suppose -2*f + 0 = -w. List the prime factors of f.
13
Let s = 791 - 271. List the prime factors of s.
2, 5, 13
Suppose 0*l - 2*i - 363 = -l, 0 = 3*l + i - 1054. List the prime factors of l.
353
Suppose 5*v - 6*v - 29 = 0. Let o be (2 - 1) + -3*7. Let g = o - v. List the prime factors of g.
3
Suppose 2*o - c = 11, c - 2 - 5 = -4*o. Suppose -3*b - 2*y - o*y + 21 = 0, -4*y + 14 = b. List the prime factors of b/3*(18 - 0).
2, 3
Suppose -5*u = -k, 0 = 4*k - 9*k + 5*u + 40. Let v be (-328)/(-123)*3/2. What are the prime factors of v + (4 - k*-2)?
2, 7
Let o be -3 + (2 + 4)*3/6. Suppose o = -5*f - 4*g + 266, -2*f - 10*g + 13*g = -88. What are the prime factors of f?
2, 5
Suppose -4*x = h + 3, -2*x + 5*x - 14 = -4*h. What are the prime factors of (-16)/h*(1 - 31)?
2, 3
Suppose 14 = 2*z - 10. Suppose 2 = 2*v, 5*p - 3*p = -2*v + z. Suppose p*o + 0*o - 35 = 0. What are the prime factors of o?
7
Let h be (-45540)/(-150) - 1/(5/(-2)). Suppose 71 = 5*u - h. What are the prime factors of u?
3, 5
Suppose -3*o = 4*k - 37, 4*k = 2*o + 2*o + 16. Suppose 3*x + 296 = k*x. List the prime factors of x.
2, 37
Let k be 1*-10*(-4)/8. Suppose k*g - 77 = 63. Let o = -16 + g. What are the prime factors of o?
2, 3
Suppose 5*q - 391 = 4*f, 0 = 2*f - 2. Let u = q + -13. What are the prime factors of u?
2, 3, 11
Suppose 0 = 15*a + 2578 - 8728. Suppose a = 6*i - 274. What are the prime factors of i?
2, 3, 19
Let x = -11 - -19. Let y = -6 + x. Suppose 2*g + a - 4*a - 27 = 0, -3*g - 4*a = y. List the prime factors of g.
2, 3
Suppose 30*b + 1107 = 33*b. List the prime factors of b.
3, 41
Suppose -74*x = -72*x - 1756. List the prime factors of x.
2, 439
Suppose -z = -l - 2*l - 30, -2*l = -5*z + 98. Let a = z + -4. What are the prime factors of ((-20)/a)/(1/(-14))?
2, 5
Suppose 2*f - 15 = -f. Suppose 3*h = -s + 23, -f*h - s - 10 = -49. What are the prime factors of 66/(-1)*(-4)/h?
3, 11
Let n be 113/(-6) + (-1)/6. Let j = n + 24. Suppose 2*y + 118 = j*t, 0 = t - 5*t - y + 84. List the prime factors of t.
2, 11
Suppose 9*d - 4*d = 45. Let u = d - 1. Suppose h = -5*k + 123, 3*h + u = -h. List the prime factors of k.
5
Let l(s) = -s + 12. Suppose 2*b + 53 + 13 = 0. Let w be 45/8 + b/(-88). What are the prime factors of l(w)?
2, 3
Let i be ((-8)/10)/((-6)/15). Let k(m) = -6*m**2 + 4*m - 4. Let v(w) = -19*w**2 + 13*w - 13. Let j(b) = -7*k(